{"id":897,"date":"2021-03-28T14:14:02","date_gmt":"2021-03-28T14:14:02","guid":{"rendered":"https:\/\/omexer.com\/tf\/wp\/omexo\/?page_id=897"},"modified":"2025-01-16T17:46:56","modified_gmt":"2025-01-16T16:46:56","slug":"upcoming-webinars","status":"publish","type":"page","link":"https:\/\/centrum-konwersacji.com\/?page_id=897","title":{"rendered":"J\u0119zyki"},"content":{"rendered":"\t\t<div data-elementor-type=\"wp-page\" data-elementor-id=\"897\" class=\"elementor elementor-897\">\n\t\t\t\t\t\t\t\t\t<section class=\"elementor-section elementor-top-section elementor-element elementor-element-3cdd6e7 elementor-section-boxed elementor-section-height-default elementor-section-height-default\" data-id=\"3cdd6e7\" data-element_type=\"section\">\n\t\t\t\t\t\t<div class=\"elementor-container elementor-column-gap-default\">\n\t\t\t\t\t<div class=\"elementor-column elementor-col-100 elementor-top-column elementor-element elementor-element-60e8960\" data-id=\"60e8960\" data-element_type=\"column\">\n\t\t\t<div class=\"elementor-widget-wrap elementor-element-populated\">\n\t\t\t\t\t\t\t\t<div class=\"elementor-element elementor-element-8fa1a57 elementor-widget elementor-widget-heading\" data-id=\"8fa1a57\" data-element_type=\"widget\" data-widget_type=\"heading.default\">\n\t\t\t\t<div class=\"elementor-widget-container\">\n\t\t\t<style>\/*! elementor - v3.12.2 - 23-04-2023 *\/\n.elementor-heading-title{padding:0;margin:0;line-height:1}.elementor-widget-heading .elementor-heading-title[class*=elementor-size-]>a{color:inherit;font-size:inherit;line-height:inherit}.elementor-widget-heading .elementor-heading-title.elementor-size-small{font-size:15px}.elementor-widget-heading .elementor-heading-title.elementor-size-medium{font-size:19px}.elementor-widget-heading .elementor-heading-title.elementor-size-large{font-size:29px}.elementor-widget-heading .elementor-heading-title.elementor-size-xl{font-size:39px}.elementor-widget-heading .elementor-heading-title.elementor-size-xxl{font-size:59px}<\/style><h2 class=\"elementor-heading-title elementor-size-default\">j\u0119zyki<\/h2>\t\t<\/div>\n\t\t\t\t<\/div>\n\t\t\t\t<div class=\"elementor-element elementor-element-938f343 elementor-widget elementor-widget-text-editor\" data-id=\"938f343\" data-element_type=\"widget\" data-widget_type=\"text-editor.default\">\n\t\t\t\t<div class=\"elementor-widget-container\">\n\t\t\t<style>\/*! elementor - v3.12.2 - 23-04-2023 *\/\n.elementor-widget-text-editor.elementor-drop-cap-view-stacked .elementor-drop-cap{background-color:#69727d;color:#fff}.elementor-widget-text-editor.elementor-drop-cap-view-framed .elementor-drop-cap{color:#69727d;border:3px solid;background-color:transparent}.elementor-widget-text-editor:not(.elementor-drop-cap-view-default) .elementor-drop-cap{margin-top:8px}.elementor-widget-text-editor:not(.elementor-drop-cap-view-default) .elementor-drop-cap-letter{width:1em;height:1em}.elementor-widget-text-editor .elementor-drop-cap{float:left;text-align:center;line-height:1;font-size:50px}.elementor-widget-text-editor .elementor-drop-cap-letter{display:inline-block}<\/style>\t\t\t\t<p>Uczymy 6 j\u0119zyk\u00f3w obcych na wszystkich poziomach zaawansowania oraz w r\u00f3\u017cnych grupach wiekowych \u2013 od m\u0142odzie\u017cy szkolnej po senior\u00f3w.<\/p>\t\t\t\t\t\t<\/div>\n\t\t\t\t<\/div>\n\t\t\t\t<div class=\"elementor-element elementor-element-3c186cf elementor-widget elementor-widget-spacer\" data-id=\"3c186cf\" data-element_type=\"widget\" data-widget_type=\"spacer.default\">\n\t\t\t\t<div class=\"elementor-widget-container\">\n\t\t\t<style>\/*! elementor - v3.12.2 - 23-04-2023 *\/\n.elementor-column .elementor-spacer-inner{height:var(--spacer-size)}.e-con{--container-widget-width:100%}.e-con-inner>.elementor-widget-spacer,.e-con>.elementor-widget-spacer{width:var(--container-widget-width,var(--spacer-size));--align-self:var(--container-widget-align-self,initial);--flex-shrink:0}.e-con-inner>.elementor-widget-spacer>.elementor-widget-container,.e-con-inner>.elementor-widget-spacer>.elementor-widget-container>.elementor-spacer,.e-con>.elementor-widget-spacer>.elementor-widget-container,.e-con>.elementor-widget-spacer>.elementor-widget-container>.elementor-spacer{height:100%}.e-con-inner>.elementor-widget-spacer>.elementor-widget-container>.elementor-spacer>.elementor-spacer-inner,.e-con>.elementor-widget-spacer>.elementor-widget-container>.elementor-spacer>.elementor-spacer-inner{height:var(--container-widget-height,var(--spacer-size))}<\/style>\t\t<div class=\"elementor-spacer\">\n\t\t\t<div class=\"elementor-spacer-inner\"><\/div>\n\t\t<\/div>\n\t\t\t\t<\/div>\n\t\t\t\t<\/div>\n\t\t\t\t<section class=\"elementor-section elementor-inner-section elementor-element elementor-element-19e7e52 elementor-section-full_width elementor-section-height-default elementor-section-height-default\" data-id=\"19e7e52\" data-element_type=\"section\">\n\t\t\t\t\t\t<div class=\"elementor-container elementor-column-gap-extended\">\n\t\t\t\t\t<div class=\"elementor-column elementor-col-50 elementor-inner-column elementor-element elementor-element-7d63e77\" data-id=\"7d63e77\" data-element_type=\"column\">\n\t\t\t<div class=\"elementor-widget-wrap elementor-element-populated\">\n\t\t\t\t\t\t\t\t<div class=\"elementor-element elementor-element-5d5c320 elementor-widget elementor-widget-omexer-webinar-box\" data-id=\"5d5c320\" data-element_type=\"widget\" data-widget_type=\"omexer-webinar-box.default\">\n\t\t\t\t<div class=\"elementor-widget-container\">\n\t\t\t        <div class=\"webinar-box-wrap\">\n\t\t\t            <div class=\"webinar-img\">\n\t\t\t\t<img decoding=\"async\" src=\"https:\/\/centrum-konwersacji.com\/\/wp-content\/uploads\/2023\/05\/AdobeStock_55189515_Preview.jpeg\" alt=\"\">\n            <\/div>\n\t\t\t\t\t\t            <div class=\"webinar-content\">\n\t\t\t\t\t\t\t\t\t\t\t\t\t                \t<h3><a href=\"https:\/\/centrum-konwersacji.com\/\/?page_id=913\">J\u0119zyk angielski <\/a><\/h3>\n\t\t\t\t\t\t\t\t\t\t\t\t\t\t\t\t\t\t\t\t\t\t\t\t\t<div class=\"webinar-btn\">\n\t\t\t\t\t\t\t\t\t\t<a href=\"https:\/\/centrum-konwersacji.com\/\/?page_id=913\"  >Zapytaj o ofert\u0119<\/a>\n\t\t\t\t<\/div>\n\t\t\t\t            <\/div>\n\t\t\t        <\/div>\n        \t\t<\/div>\n\t\t\t\t<\/div>\n\t\t\t\t\t<\/div>\n\t\t<\/div>\n\t\t\t\t<div class=\"elementor-column elementor-col-50 elementor-inner-column elementor-element elementor-element-cfde894\" data-id=\"cfde894\" data-element_type=\"column\">\n\t\t\t<div class=\"elementor-widget-wrap elementor-element-populated\">\n\t\t\t\t\t\t\t\t<div class=\"elementor-element elementor-element-d49bf67 elementor-widget elementor-widget-omexer-webinar-box\" data-id=\"d49bf67\" data-element_type=\"widget\" data-widget_type=\"omexer-webinar-box.default\">\n\t\t\t\t<div class=\"elementor-widget-container\">\n\t\t\t        <div class=\"webinar-box-wrap\">\n\t\t\t            <div class=\"webinar-img\">\n\t\t\t\t<img decoding=\"async\" src=\"https:\/\/centrum-konwersacji.com\/\/wp-content\/uploads\/2023\/05\/AdobeStock_170589233_Preview.jpeg\" alt=\"\">\n            <\/div>\n\t\t\t\t\t\t            <div class=\"webinar-content\">\n\t\t\t\t\t\t\t\t\t\t\t\t\t                \t<h3><a href=\"https:\/\/centrum-konwersacji.com\/\/?page_id=913\">J\u0119zyk francuski<\/a><\/h3>\n\t\t\t\t\t\t\t\t\t\t\t\t\t\t\t\t\t\t\t\t\t\t\t\t\t<div class=\"webinar-btn\">\n\t\t\t\t\t\t\t\t\t\t<a href=\"https:\/\/centrum-konwersacji.com\/\/?page_id=913\"  >Zapytaj o ofert\u0119<\/a>\n\t\t\t\t<\/div>\n\t\t\t\t            <\/div>\n\t\t\t        <\/div>\n        \t\t<\/div>\n\t\t\t\t<\/div>\n\t\t\t\t\t<\/div>\n\t\t<\/div>\n\t\t\t\t\t\t\t<\/div>\n\t\t<\/section>\n\t\t\t\t<section class=\"elementor-section elementor-inner-section elementor-element elementor-element-10b67c7 elementor-section-full_width elementor-section-height-default elementor-section-height-default\" data-id=\"10b67c7\" data-element_type=\"section\">\n\t\t\t\t\t\t<div class=\"elementor-container elementor-column-gap-extended\">\n\t\t\t\t\t<div class=\"elementor-column elementor-col-50 elementor-inner-column elementor-element elementor-element-27713fa\" data-id=\"27713fa\" data-element_type=\"column\">\n\t\t\t<div class=\"elementor-widget-wrap elementor-element-populated\">\n\t\t\t\t\t\t\t\t<div class=\"elementor-element elementor-element-1e51432 elementor-widget elementor-widget-omexer-webinar-box\" data-id=\"1e51432\" data-element_type=\"widget\" data-widget_type=\"omexer-webinar-box.default\">\n\t\t\t\t<div class=\"elementor-widget-container\">\n\t\t\t        <div class=\"webinar-box-wrap\">\n\t\t\t            <div class=\"webinar-img\">\n\t\t\t\t<img decoding=\"async\" src=\"https:\/\/centrum-konwersacji.com\/\/wp-content\/uploads\/2023\/05\/AdobeStock_102733741_Preview.jpeg\" alt=\"\">\n            <\/div>\n\t\t\t\t\t\t            <div class=\"webinar-content\">\n\t\t\t\t\t\t\t\t\t\t\t\t\t                \t<h3><a href=\"https:\/\/centrum-konwersacji.com\/\/?page_id=913\">J\u0119zyk hiszpa\u0144ski<\/a><\/h3>\n\t\t\t\t\t\t\t\t\t\t\t\t\t\t\t\t\t\t\t\t\t\t\t\t\t<div class=\"webinar-btn\">\n\t\t\t\t\t\t\t\t\t\t<a href=\"https:\/\/centrum-konwersacji.com\/\/?page_id=913\"  >Zapytaj o ofert\u0119<\/a>\n\t\t\t\t<\/div>\n\t\t\t\t            <\/div>\n\t\t\t        <\/div>\n        \t\t<\/div>\n\t\t\t\t<\/div>\n\t\t\t\t\t<\/div>\n\t\t<\/div>\n\t\t\t\t<div class=\"elementor-column elementor-col-50 elementor-inner-column elementor-element elementor-element-c05e85c\" data-id=\"c05e85c\" data-element_type=\"column\">\n\t\t\t<div class=\"elementor-widget-wrap elementor-element-populated\">\n\t\t\t\t\t\t\t\t<div class=\"elementor-element elementor-element-a3d3e89 elementor-widget elementor-widget-omexer-webinar-box\" data-id=\"a3d3e89\" data-element_type=\"widget\" data-widget_type=\"omexer-webinar-box.default\">\n\t\t\t\t<div class=\"elementor-widget-container\">\n\t\t\t        <div class=\"webinar-box-wrap\">\n\t\t\t            <div class=\"webinar-img\">\n\t\t\t\t<img decoding=\"async\" src=\"https:\/\/centrum-konwersacji.com\/\/wp-content\/uploads\/2023\/05\/AdobeStock_89853505_Preview.jpeg\" alt=\"\">\n            <\/div>\n\t\t\t\t\t\t            <div class=\"webinar-content\">\n\t\t\t\t\t\t\t\t\t\t\t\t\t                \t<h3><a href=\"https:\/\/centrum-konwersacji.com\/\/?page_id=913\">J\u0119zyk niemiecki<\/a><\/h3>\n\t\t\t\t\t\t\t\t\t\t\t\t\t\t\t\t\t\t\t\t\t\t\t\t\t<div class=\"webinar-btn\">\n\t\t\t\t\t\t\t\t\t\t<a href=\"https:\/\/centrum-konwersacji.com\/\/?page_id=913\"  >Zapytaj o ofert\u0119<\/a>\n\t\t\t\t<\/div>\n\t\t\t\t            <\/div>\n\t\t\t        <\/div>\n        \t\t<\/div>\n\t\t\t\t<\/div>\n\t\t\t\t\t<\/div>\n\t\t<\/div>\n\t\t\t\t\t\t\t<\/div>\n\t\t<\/section>\n\t\t\t\t<section class=\"elementor-section elementor-inner-section elementor-element elementor-element-71a117d elementor-section-full_width elementor-section-height-default elementor-section-height-default\" data-id=\"71a117d\" data-element_type=\"section\">\n\t\t\t\t\t\t<div class=\"elementor-container elementor-column-gap-extended\">\n\t\t\t\t\t<div class=\"elementor-column elementor-col-50 elementor-inner-column elementor-element elementor-element-c74fba7\" data-id=\"c74fba7\" data-element_type=\"column\">\n\t\t\t<div class=\"elementor-widget-wrap elementor-element-populated\">\n\t\t\t\t\t\t\t\t<div class=\"elementor-element elementor-element-1ef8150 elementor-widget elementor-widget-omexer-webinar-box\" data-id=\"1ef8150\" data-element_type=\"widget\" data-widget_type=\"omexer-webinar-box.default\">\n\t\t\t\t<div class=\"elementor-widget-container\">\n\t\t\t        <div class=\"webinar-box-wrap\">\n\t\t\t            <div class=\"webinar-img\">\n\t\t\t\t<img decoding=\"async\" src=\"https:\/\/centrum-konwersacji.com\/\/wp-content\/uploads\/2023\/05\/AdobeStock_43548853_Preview.jpeg\" alt=\"\">\n            <\/div>\n\t\t\t\t\t\t            <div class=\"webinar-content\">\n\t\t\t\t\t\t\t\t\t\t\t\t\t                \t<h3><a href=\"https:\/\/centrum-konwersacji.com\/\/?page_id=913\">J\u0119zyk rosyjski<\/a><\/h3>\n\t\t\t\t\t\t\t\t\t\t\t\t\t\t\t\t\t\t\t\t\t\t\t\t\t<div class=\"webinar-btn\">\n\t\t\t\t\t\t\t\t\t\t<a href=\"https:\/\/centrum-konwersacji.com\/\/?page_id=913\"  >Zapytaj o ofert\u0119<\/a>\n\t\t\t\t<\/div>\n\t\t\t\t            <\/div>\n\t\t\t        <\/div>\n        \t\t<\/div>\n\t\t\t\t<\/div>\n\t\t\t\t\t<\/div>\n\t\t<\/div>\n\t\t\t\t<div class=\"elementor-column elementor-col-50 elementor-inner-column elementor-element elementor-element-ff01b17\" data-id=\"ff01b17\" data-element_type=\"column\">\n\t\t\t<div class=\"elementor-widget-wrap elementor-element-populated\">\n\t\t\t\t\t\t\t\t<div class=\"elementor-element elementor-element-493d524 elementor-widget elementor-widget-omexer-webinar-box\" data-id=\"493d524\" data-element_type=\"widget\" data-widget_type=\"omexer-webinar-box.default\">\n\t\t\t\t<div class=\"elementor-widget-container\">\n\t\t\t        <div class=\"webinar-box-wrap\">\n\t\t\t            <div class=\"webinar-img\">\n\t\t\t\t<img decoding=\"async\" src=\"https:\/\/centrum-konwersacji.com\/\/wp-content\/uploads\/2023\/05\/AdobeStock_111251812_Preview.jpeg\" alt=\"\">\n            <\/div>\n\t\t\t\t\t\t            <div class=\"webinar-content\">\n\t\t\t\t\t\t\t\t\t\t\t\t\t                \t<h3><a href=\"https:\/\/centrum-konwersacji.com\/\/?page_id=913\">J\u0119zyk w\u0142oski<\/a><\/h3>\n\t\t\t\t\t\t\t\t\t\t\t\t\t\t\t\t\t\t\t\t\t\t\t\t\t<div class=\"webinar-btn\">\n\t\t\t\t\t\t\t\t\t\t<a href=\"https:\/\/centrum-konwersacji.com\/\/?page_id=913\"  >Zapytaj o ofert\u0119<\/a>\n\t\t\t\t<\/div>\n\t\t\t\t            <\/div>\n\t\t\t        <\/div>\n        \t\t<\/div>\n\t\t\t\t<\/div>\n\t\t\t\t\t<\/div>\n\t\t<\/div>\n\t\t\t\t\t\t\t<\/div>\n\t\t<\/section>\n\t\t\t\t\t<\/div>\n\t\t<\/div>\n\t\t\t\t\t\t\t<\/div>\n\t\t<\/section>\n\t\t\t\t\t\t\t<\/div>\n\t\t","protected":false},"excerpt":{"rendered":"<p>j\u0119zyki Uczymy 6 j\u0119zyk\u00f3w obcych na wszystkich poziomach zaawansowania oraz w r\u00f3\u017cnych grupach wiekowych \u2013 od m\u0142odzie\u017cy szkolnej po senior\u00f3w. J\u0119zyk angielski Zapytaj o ofert\u0119 J\u0119zyk francuski Zapytaj o ofert\u0119 J\u0119zyk hiszpa\u0144ski Zapytaj o ofert\u0119 J\u0119zyk niemiecki Zapytaj o ofert\u0119 J\u0119zyk rosyjski Zapytaj o ofert\u0119 J\u0119zyk w\u0142oski Zapytaj o ofert\u0119<\/p>\n","protected":false},"author":1,"featured_media":0,"parent":0,"menu_order":0,"comment_status":"closed","ping_status":"closed","template":"elementor_header_footer","meta":{"_mi_skip_tracking":false,"footnotes":""},"class_list":["post-897","page","type-page","status-publish","hentry"],"yoast_head":"<!-- This site is optimized with the Yoast SEO plugin v19.0 - https:\/\/yoast.com\/wordpress\/plugins\/seo\/ -->\n<title>J\u0119zyki - Centrum Konwersacji<\/title>\n<meta name=\"robots\" content=\"index, follow, max-snippet:-1, max-image-preview:large, max-video-preview:-1\" \/>\n<link rel=\"canonical\" href=\"https:\/\/centrum-konwersacji.com\/?page_id=897\" \/>\n<meta property=\"og:locale\" content=\"pl_PL\" \/>\n<meta property=\"og:type\" content=\"article\" \/>\n<meta property=\"og:title\" content=\"J\u0119zyki - Centrum Konwersacji\" \/>\n<meta property=\"og:description\" content=\"j\u0119zyki Uczymy 6 j\u0119zyk\u00f3w obcych na wszystkich poziomach zaawansowania oraz w r\u00f3\u017cnych grupach wiekowych \u2013 od m\u0142odzie\u017cy szkolnej po senior\u00f3w. J\u0119zyk angielski Zapytaj o ofert\u0119 J\u0119zyk francuski Zapytaj o ofert\u0119 J\u0119zyk hiszpa\u0144ski Zapytaj o ofert\u0119 J\u0119zyk niemiecki Zapytaj o ofert\u0119 J\u0119zyk rosyjski Zapytaj o ofert\u0119 J\u0119zyk w\u0142oski Zapytaj o ofert\u0119\" \/>\n<meta property=\"og:url\" content=\"https:\/\/centrum-konwersacji.com\/?page_id=897\" \/>\n<meta property=\"og:site_name\" content=\"Centrum Konwersacji\" \/>\n<meta property=\"article:modified_time\" content=\"2025-01-16T16:46:56+00:00\" \/>\n<meta property=\"og:image\" content=\"https:\/\/centrum-konwersacji.com\/\/wp-content\/uploads\/2023\/05\/AdobeStock_55189515_Preview.jpeg\" \/>\n<meta name=\"twitter:card\" content=\"summary_large_image\" \/>\n<script type=\"application\/ld+json\" class=\"yoast-schema-graph\">{\"@context\":\"https:\/\/schema.org\",\"@graph\":[{\"@type\":\"WebSite\",\"@id\":\"https:\/\/centrum-konwersacji.com\/#website\",\"url\":\"https:\/\/centrum-konwersacji.com\/\",\"name\":\"Centrum Konwersacji\",\"description\":\"Szko\u0142a j\u0119zykowa\",\"potentialAction\":[{\"@type\":\"SearchAction\",\"target\":{\"@type\":\"EntryPoint\",\"urlTemplate\":\"https:\/\/centrum-konwersacji.com\/?s={search_term_string}\"},\"query-input\":\"required name=search_term_string\"}],\"inLanguage\":\"pl-PL\"},{\"@type\":\"ImageObject\",\"inLanguage\":\"pl-PL\",\"@id\":\"https:\/\/centrum-konwersacji.com\/?page_id=897#primaryimage\",\"url\":\"https:\/\/centrum-konwersacji.com\/\/wp-content\/uploads\/2023\/05\/AdobeStock_55189515_Preview.jpeg\",\"contentUrl\":\"https:\/\/centrum-konwersacji.com\/\/wp-content\/uploads\/2023\/05\/AdobeStock_55189515_Preview.jpeg\"},{\"@type\":\"WebPage\",\"@id\":\"https:\/\/centrum-konwersacji.com\/?page_id=897#webpage\",\"url\":\"https:\/\/centrum-konwersacji.com\/?page_id=897\",\"name\":\"J\u0119zyki - Centrum Konwersacji\",\"isPartOf\":{\"@id\":\"https:\/\/centrum-konwersacji.com\/#website\"},\"primaryImageOfPage\":{\"@id\":\"https:\/\/centrum-konwersacji.com\/?page_id=897#primaryimage\"},\"datePublished\":\"2021-03-28T14:14:02+00:00\",\"dateModified\":\"2025-01-16T16:46:56+00:00\",\"breadcrumb\":{\"@id\":\"https:\/\/centrum-konwersacji.com\/?page_id=897#breadcrumb\"},\"inLanguage\":\"pl-PL\",\"potentialAction\":[{\"@type\":\"ReadAction\",\"target\":[\"https:\/\/centrum-konwersacji.com\/?page_id=897\"]}]},{\"@type\":\"BreadcrumbList\",\"@id\":\"https:\/\/centrum-konwersacji.com\/?page_id=897#breadcrumb\",\"itemListElement\":[{\"@type\":\"ListItem\",\"position\":1,\"name\":\"Home\",\"item\":\"https:\/\/centrum-konwersacji.com\/\"},{\"@type\":\"ListItem\",\"position\":2,\"name\":\"J\u0119zyki\"}]}]}<\/script>\n<!-- \/ Yoast SEO plugin. -->","yoast_head_json":{"title":"J\u0119zyki - Centrum Konwersacji","robots":{"index":"index","follow":"follow","max-snippet":"max-snippet:-1","max-image-preview":"max-image-preview:large","max-video-preview":"max-video-preview:-1"},"canonical":"https:\/\/centrum-konwersacji.com\/?page_id=897","og_locale":"pl_PL","og_type":"article","og_title":"J\u0119zyki - Centrum Konwersacji","og_description":"j\u0119zyki Uczymy 6 j\u0119zyk\u00f3w obcych na wszystkich poziomach zaawansowania oraz w r\u00f3\u017cnych grupach wiekowych \u2013 od m\u0142odzie\u017cy szkolnej po senior\u00f3w. J\u0119zyk angielski Zapytaj o ofert\u0119 J\u0119zyk francuski Zapytaj o ofert\u0119 J\u0119zyk hiszpa\u0144ski Zapytaj o ofert\u0119 J\u0119zyk niemiecki Zapytaj o ofert\u0119 J\u0119zyk rosyjski Zapytaj o ofert\u0119 J\u0119zyk w\u0142oski Zapytaj o ofert\u0119","og_url":"https:\/\/centrum-konwersacji.com\/?page_id=897","og_site_name":"Centrum Konwersacji","article_modified_time":"2025-01-16T16:46:56+00:00","og_image":[{"url":"https:\/\/centrum-konwersacji.com\/\/wp-content\/uploads\/2023\/05\/AdobeStock_55189515_Preview.jpeg"}],"twitter_card":"summary_large_image","schema":{"@context":"https:\/\/schema.org","@graph":[{"@type":"WebSite","@id":"https:\/\/centrum-konwersacji.com\/#website","url":"https:\/\/centrum-konwersacji.com\/","name":"Centrum Konwersacji","description":"Szko\u0142a j\u0119zykowa","potentialAction":[{"@type":"SearchAction","target":{"@type":"EntryPoint","urlTemplate":"https:\/\/centrum-konwersacji.com\/?s={search_term_string}"},"query-input":"required name=search_term_string"}],"inLanguage":"pl-PL"},{"@type":"ImageObject","inLanguage":"pl-PL","@id":"https:\/\/centrum-konwersacji.com\/?page_id=897#primaryimage","url":"https:\/\/centrum-konwersacji.com\/\/wp-content\/uploads\/2023\/05\/AdobeStock_55189515_Preview.jpeg","contentUrl":"https:\/\/centrum-konwersacji.com\/\/wp-content\/uploads\/2023\/05\/AdobeStock_55189515_Preview.jpeg"},{"@type":"WebPage","@id":"https:\/\/centrum-konwersacji.com\/?page_id=897#webpage","url":"https:\/\/centrum-konwersacji.com\/?page_id=897","name":"J\u0119zyki - Centrum Konwersacji","isPartOf":{"@id":"https:\/\/centrum-konwersacji.com\/#website"},"primaryImageOfPage":{"@id":"https:\/\/centrum-konwersacji.com\/?page_id=897#primaryimage"},"datePublished":"2021-03-28T14:14:02+00:00","dateModified":"2025-01-16T16:46:56+00:00","breadcrumb":{"@id":"https:\/\/centrum-konwersacji.com\/?page_id=897#breadcrumb"},"inLanguage":"pl-PL","potentialAction":[{"@type":"ReadAction","target":["https:\/\/centrum-konwersacji.com\/?page_id=897"]}]},{"@type":"BreadcrumbList","@id":"https:\/\/centrum-konwersacji.com\/?page_id=897#breadcrumb","itemListElement":[{"@type":"ListItem","position":1,"name":"Home","item":"https:\/\/centrum-konwersacji.com\/"},{"@type":"ListItem","position":2,"name":"J\u0119zyki"}]}]}},"_links":{"self":[{"href":"https:\/\/centrum-konwersacji.com\/index.php?rest_route=\/wp\/v2\/pages\/897","targetHints":{"allow":["GET"]}}],"collection":[{"href":"https:\/\/centrum-konwersacji.com\/index.php?rest_route=\/wp\/v2\/pages"}],"about":[{"href":"https:\/\/centrum-konwersacji.com\/index.php?rest_route=\/wp\/v2\/types\/page"}],"author":[{"embeddable":true,"href":"https:\/\/centrum-konwersacji.com\/index.php?rest_route=\/wp\/v2\/users\/1"}],"replies":[{"embeddable":true,"href":"https:\/\/centrum-konwersacji.com\/index.php?rest_route=%2Fwp%2Fv2%2Fcomments&post=897"}],"version-history":[{"count":56,"href":"https:\/\/centrum-konwersacji.com\/index.php?rest_route=\/wp\/v2\/pages\/897\/revisions"}],"predecessor-version":[{"id":8881,"href":"https:\/\/centrum-konwersacji.com\/index.php?rest_route=\/wp\/v2\/pages\/897\/revisions\/8881"}],"wp:attachment":[{"href":"https:\/\/centrum-konwersacji.com\/index.php?rest_route=%2Fwp%2Fv2%2Fmedia&parent=897"}],"curies":[{"name":"wp","href":"https:\/\/api.w.org\/{rel}","templated":true}]}}