{"id":8746,"date":"2023-10-02T12:38:33","date_gmt":"2023-10-02T10:38:33","guid":{"rendered":"https:\/\/centrum-konwersacji.com\/?page_id=8746"},"modified":"2023-10-02T12:44:10","modified_gmt":"2023-10-02T10:44:10","slug":"agata","status":"publish","type":"page","link":"https:\/\/centrum-konwersacji.com\/?page_id=8746","title":{"rendered":"Agata"},"content":{"rendered":"\t\t<div data-elementor-type=\"wp-page\" data-elementor-id=\"8746\" class=\"elementor elementor-8746\">\n\t\t\t\t\t\t\t\t\t<section class=\"elementor-section elementor-top-section elementor-element elementor-element-2f87fff elementor-section-boxed elementor-section-height-default elementor-section-height-default\" data-id=\"2f87fff\" data-element_type=\"section\">\n\t\t\t\t\t\t<div class=\"elementor-container elementor-column-gap-default\">\n\t\t\t\t\t<div class=\"elementor-column elementor-col-50 elementor-top-column elementor-element elementor-element-43f407f\" data-id=\"43f407f\" data-element_type=\"column\">\n\t\t\t<div class=\"elementor-widget-wrap elementor-element-populated\">\n\t\t\t\t\t\t\t\t<div class=\"elementor-element elementor-element-054c649 elementor-position-top elementor-vertical-align-top elementor-widget elementor-widget-image-box\" data-id=\"054c649\" data-element_type=\"widget\" data-widget_type=\"image-box.default\">\n\t\t\t\t<div class=\"elementor-widget-container\">\n\t\t\t<style>\/*! elementor - v3.12.2 - 23-04-2023 *\/\n.elementor-widget-image-box .elementor-image-box-content{width:100%}@media (min-width:768px){.elementor-widget-image-box.elementor-position-left .elementor-image-box-wrapper,.elementor-widget-image-box.elementor-position-right .elementor-image-box-wrapper{display:flex}.elementor-widget-image-box.elementor-position-right .elementor-image-box-wrapper{text-align:right;flex-direction:row-reverse}.elementor-widget-image-box.elementor-position-left .elementor-image-box-wrapper{text-align:left;flex-direction:row}.elementor-widget-image-box.elementor-position-top .elementor-image-box-img{margin:auto}.elementor-widget-image-box.elementor-vertical-align-top .elementor-image-box-wrapper{align-items:flex-start}.elementor-widget-image-box.elementor-vertical-align-middle .elementor-image-box-wrapper{align-items:center}.elementor-widget-image-box.elementor-vertical-align-bottom .elementor-image-box-wrapper{align-items:flex-end}}@media (max-width:767px){.elementor-widget-image-box .elementor-image-box-img{margin-left:auto!important;margin-right:auto!important;margin-bottom:15px}}.elementor-widget-image-box .elementor-image-box-img{display:inline-block}.elementor-widget-image-box .elementor-image-box-title a{color:inherit}.elementor-widget-image-box .elementor-image-box-wrapper{text-align:center}.elementor-widget-image-box .elementor-image-box-description{margin:0}<\/style><div class=\"elementor-image-box-wrapper\"><figure class=\"elementor-image-box-img\"><img decoding=\"async\" src=\"https:\/\/centrum-konwersacji.com\/wp-content\/uploads\/2023\/10\/zdjecie-2-scaled-e1696243752140.jpg\" title=\"zdj\u0119cie (2)\" alt=\"zdj\u0119cie (2)\" loading=\"lazy\" \/><\/figure><div class=\"elementor-image-box-content\"><h3 class=\"elementor-image-box-title\">Agata<\/h3><p class=\"elementor-image-box-description\">Lektor j\u0119zyka francuskiego<\/p><\/div><\/div>\t\t<\/div>\n\t\t\t\t<\/div>\n\t\t\t\t<div class=\"elementor-element elementor-element-ceb4cd5 elementor-align-center elementor-widget elementor-widget-button\" data-id=\"ceb4cd5\" data-element_type=\"widget\" data-widget_type=\"button.default\">\n\t\t\t\t<div class=\"elementor-widget-container\">\n\t\t\t\t\t<div class=\"elementor-button-wrapper\">\n\t\t\t<a href=\"https:\/\/centrum-konwersacji.com\/\/?page_id=913\" class=\"elementor-button-link elementor-button elementor-size-sm\" role=\"button\">\n\t\t\t\t\t\t<span class=\"elementor-button-content-wrapper\">\n\t\t\t\t\t\t<span class=\"elementor-button-text\">Skontaktuj si\u0119<\/span>\n\t\t<\/span>\n\t\t\t\t\t<\/a>\n\t\t<\/div>\n\t\t\t\t<\/div>\n\t\t\t\t<\/div>\n\t\t\t\t\t<\/div>\n\t\t<\/div>\n\t\t\t\t<div class=\"elementor-column elementor-col-50 elementor-top-column elementor-element elementor-element-2b8c421\" data-id=\"2b8c421\" data-element_type=\"column\">\n\t\t\t<div class=\"elementor-widget-wrap elementor-element-populated\">\n\t\t\t\t\t\t\t\t<div class=\"elementor-element elementor-element-e624282 elementor-widget elementor-widget-text-editor\" data-id=\"e624282\" data-element_type=\"widget\" data-widget_type=\"text-editor.default\">\n\t\t\t\t<div class=\"elementor-widget-container\">\n\t\t\t<style>\/*! elementor - v3.12.2 - 23-04-2023 *\/\n.elementor-widget-text-editor.elementor-drop-cap-view-stacked .elementor-drop-cap{background-color:#69727d;color:#fff}.elementor-widget-text-editor.elementor-drop-cap-view-framed .elementor-drop-cap{color:#69727d;border:3px solid;background-color:transparent}.elementor-widget-text-editor:not(.elementor-drop-cap-view-default) .elementor-drop-cap{margin-top:8px}.elementor-widget-text-editor:not(.elementor-drop-cap-view-default) .elementor-drop-cap-letter{width:1em;height:1em}.elementor-widget-text-editor .elementor-drop-cap{float:left;text-align:center;line-height:1;font-size:50px}.elementor-widget-text-editor .elementor-drop-cap-letter{display:inline-block}<\/style>\t\t\t\t<p>Bonjour!<\/p><p><span class=\"Apple-converted-space\">Nazywam si\u0119 Agata Piwowarczyk i od ponad dziesi\u0119ciu lat ucz\u0119 j\u0119zyka francuskiego. A wszystko zacz\u0119\u0142o si\u0119 od mojego nastoletniego oczarowania pi\u0119knem tego j\u0119zyka.\u00a0<\/span><\/p><p><span class=\"Apple-converted-space\">Studia w urokliwym zak\u0105tku po\u0142udniowej Francji, na Uniwersytecie w Perpignan pozwoli\u0142y mi wyj\u015b\u0107 z ksi\u0105\u017ckowych czytanek, zada\u0144 gramatycznych i nareszcie \u017cy\u0107 i porusza\u0107 si\u0119 we francuszczy\u017anie.\u00a0<\/span><\/p><p><span class=\"Apple-converted-space\">Kilka lat pracy jako Responable Ressources Humaines w jednej z francuskich firm, codzienny kontakt z tym j\u0119zykiem w pracy, bardzo cz\u0119ste podr\u00f3\u017ce pomog\u0142y mi dobrze utrwali\u0107 jego biznesowe oblicze.\u00a0<\/span><\/p><p><span class=\"Apple-converted-space\">Po za\u0142o\u017ceniu rodziny postanowi\u0142am wykorzysta\u0107 inaczej znajomo\u015b\u0107 francuskiego i tak rozpocz\u0119\u0142a si\u0119 moja przygoda z jego nauczaniem w szkole oraz na lekcjach indywidualnych. Uczenie j\u0119zyka (czy czegokolwiek innego) to wielkie wyzwanie, poniewa\u017c ka\u017cdy z nas mo\u017ce by\u0107 nie tylko na innym poziomie jego znajomo\u015bci, ale przede wszystkim jest innym cz\u0142owiekiem, inaczej si\u0119 uczy, ma inny temperament, inne potrzeby. Wi\u0119c ja s\u0142ucham a potem, staraj\u0105c si\u0119 trzyma\u0107 wybranej metody, szukam r\u00f3\u017cnych materia\u0142\u00f3w, od kt\u00f3rych internet a\u017c kipi.<\/span><\/p><p><span class=\"Apple-converted-space\">Francuski jest taki pi\u0119kny i jest moj\u0105 prawdziw\u0105 pasj\u0105, wi\u0119c nie mo\u017cemy si\u0119 nudzi\u0107, ani ja, ani tym bardziej moi uczniowie. <\/span><\/p>\t\t\t\t\t\t<\/div>\n\t\t\t\t<\/div>\n\t\t\t\t\t<\/div>\n\t\t<\/div>\n\t\t\t\t\t\t\t<\/div>\n\t\t<\/section>\n\t\t\t\t\t\t\t<\/div>\n\t\t","protected":false},"excerpt":{"rendered":"<p>Agata Lektor j\u0119zyka francuskiego Skontaktuj si\u0119 Bonjour! Nazywam si\u0119 Agata Piwowarczyk i od ponad dziesi\u0119ciu lat ucz\u0119 j\u0119zyka francuskiego. A wszystko zacz\u0119\u0142o si\u0119 od mojego nastoletniego oczarowania pi\u0119knem tego j\u0119zyka.\u00a0 Studia w urokliwym zak\u0105tku po\u0142udniowej Francji, na Uniwersytecie w Perpignan pozwoli\u0142y mi wyj\u015b\u0107 z ksi\u0105\u017ckowych czytanek, zada\u0144 gramatycznych i nareszcie \u017cy\u0107 i porusza\u0107 si\u0119 we [&hellip;]<\/p>\n","protected":false},"author":1,"featured_media":0,"parent":0,"menu_order":0,"comment_status":"closed","ping_status":"closed","template":"","meta":{"_mi_skip_tracking":false,"footnotes":""},"class_list":["post-8746","page","type-page","status-publish","hentry"],"yoast_head":"<!-- This site is optimized with the Yoast SEO plugin v19.0 - https:\/\/yoast.com\/wordpress\/plugins\/seo\/ -->\n<title>Agata - Centrum Konwersacji<\/title>\n<meta name=\"robots\" content=\"index, follow, max-snippet:-1, max-image-preview:large, max-video-preview:-1\" \/>\n<link rel=\"canonical\" href=\"https:\/\/centrum-konwersacji.com\/?page_id=8746\" \/>\n<meta property=\"og:locale\" content=\"pl_PL\" \/>\n<meta property=\"og:type\" content=\"article\" \/>\n<meta property=\"og:title\" content=\"Agata - Centrum Konwersacji\" \/>\n<meta property=\"og:description\" content=\"Agata Lektor j\u0119zyka francuskiego Skontaktuj si\u0119 Bonjour! Nazywam si\u0119 Agata Piwowarczyk i od ponad dziesi\u0119ciu lat ucz\u0119 j\u0119zyka francuskiego. A wszystko zacz\u0119\u0142o si\u0119 od mojego nastoletniego oczarowania pi\u0119knem tego j\u0119zyka.\u00a0 Studia w urokliwym zak\u0105tku po\u0142udniowej Francji, na Uniwersytecie w Perpignan pozwoli\u0142y mi wyj\u015b\u0107 z ksi\u0105\u017ckowych czytanek, zada\u0144 gramatycznych i nareszcie \u017cy\u0107 i porusza\u0107 si\u0119 we [&hellip;]\" \/>\n<meta property=\"og:url\" content=\"https:\/\/centrum-konwersacji.com\/?page_id=8746\" \/>\n<meta property=\"og:site_name\" content=\"Centrum Konwersacji\" \/>\n<meta property=\"article:modified_time\" content=\"2023-10-02T10:44:10+00:00\" \/>\n<meta property=\"og:image\" content=\"https:\/\/centrum-konwersacji.com\/wp-content\/uploads\/2023\/10\/zdjecie-2-scaled.jpg\" \/>\n<meta name=\"twitter:card\" content=\"summary_large_image\" \/>\n<meta name=\"twitter:label1\" content=\"Szacowany czas czytania\" \/>\n\t<meta name=\"twitter:data1\" content=\"1 minuta\" \/>\n<script type=\"application\/ld+json\" class=\"yoast-schema-graph\">{\"@context\":\"https:\/\/schema.org\",\"@graph\":[{\"@type\":\"WebSite\",\"@id\":\"https:\/\/centrum-konwersacji.com\/#website\",\"url\":\"https:\/\/centrum-konwersacji.com\/\",\"name\":\"Centrum Konwersacji\",\"description\":\"Szko\u0142a j\u0119zykowa\",\"potentialAction\":[{\"@type\":\"SearchAction\",\"target\":{\"@type\":\"EntryPoint\",\"urlTemplate\":\"https:\/\/centrum-konwersacji.com\/?s={search_term_string}\"},\"query-input\":\"required name=search_term_string\"}],\"inLanguage\":\"pl-PL\"},{\"@type\":\"ImageObject\",\"inLanguage\":\"pl-PL\",\"@id\":\"https:\/\/centrum-konwersacji.com\/?page_id=8746#primaryimage\",\"url\":\"https:\/\/centrum-konwersacji.com\/wp-content\/uploads\/2023\/10\/zdjecie-2-scaled.jpg\",\"contentUrl\":\"https:\/\/centrum-konwersacji.com\/wp-content\/uploads\/2023\/10\/zdjecie-2-scaled.jpg\"},{\"@type\":\"WebPage\",\"@id\":\"https:\/\/centrum-konwersacji.com\/?page_id=8746#webpage\",\"url\":\"https:\/\/centrum-konwersacji.com\/?page_id=8746\",\"name\":\"Agata - Centrum Konwersacji\",\"isPartOf\":{\"@id\":\"https:\/\/centrum-konwersacji.com\/#website\"},\"primaryImageOfPage\":{\"@id\":\"https:\/\/centrum-konwersacji.com\/?page_id=8746#primaryimage\"},\"datePublished\":\"2023-10-02T10:38:33+00:00\",\"dateModified\":\"2023-10-02T10:44:10+00:00\",\"breadcrumb\":{\"@id\":\"https:\/\/centrum-konwersacji.com\/?page_id=8746#breadcrumb\"},\"inLanguage\":\"pl-PL\",\"potentialAction\":[{\"@type\":\"ReadAction\",\"target\":[\"https:\/\/centrum-konwersacji.com\/?page_id=8746\"]}]},{\"@type\":\"BreadcrumbList\",\"@id\":\"https:\/\/centrum-konwersacji.com\/?page_id=8746#breadcrumb\",\"itemListElement\":[{\"@type\":\"ListItem\",\"position\":1,\"name\":\"Home\",\"item\":\"https:\/\/centrum-konwersacji.com\/\"},{\"@type\":\"ListItem\",\"position\":2,\"name\":\"Agata\"}]}]}<\/script>\n<!-- \/ Yoast SEO plugin. -->","yoast_head_json":{"title":"Agata - Centrum Konwersacji","robots":{"index":"index","follow":"follow","max-snippet":"max-snippet:-1","max-image-preview":"max-image-preview:large","max-video-preview":"max-video-preview:-1"},"canonical":"https:\/\/centrum-konwersacji.com\/?page_id=8746","og_locale":"pl_PL","og_type":"article","og_title":"Agata - Centrum Konwersacji","og_description":"Agata Lektor j\u0119zyka francuskiego Skontaktuj si\u0119 Bonjour! Nazywam si\u0119 Agata Piwowarczyk i od ponad dziesi\u0119ciu lat ucz\u0119 j\u0119zyka francuskiego. A wszystko zacz\u0119\u0142o si\u0119 od mojego nastoletniego oczarowania pi\u0119knem tego j\u0119zyka.\u00a0 Studia w urokliwym zak\u0105tku po\u0142udniowej Francji, na Uniwersytecie w Perpignan pozwoli\u0142y mi wyj\u015b\u0107 z ksi\u0105\u017ckowych czytanek, zada\u0144 gramatycznych i nareszcie \u017cy\u0107 i porusza\u0107 si\u0119 we [&hellip;]","og_url":"https:\/\/centrum-konwersacji.com\/?page_id=8746","og_site_name":"Centrum Konwersacji","article_modified_time":"2023-10-02T10:44:10+00:00","og_image":[{"url":"https:\/\/centrum-konwersacji.com\/wp-content\/uploads\/2023\/10\/zdjecie-2-scaled.jpg"}],"twitter_card":"summary_large_image","twitter_misc":{"Szacowany czas czytania":"1 minuta"},"schema":{"@context":"https:\/\/schema.org","@graph":[{"@type":"WebSite","@id":"https:\/\/centrum-konwersacji.com\/#website","url":"https:\/\/centrum-konwersacji.com\/","name":"Centrum Konwersacji","description":"Szko\u0142a j\u0119zykowa","potentialAction":[{"@type":"SearchAction","target":{"@type":"EntryPoint","urlTemplate":"https:\/\/centrum-konwersacji.com\/?s={search_term_string}"},"query-input":"required name=search_term_string"}],"inLanguage":"pl-PL"},{"@type":"ImageObject","inLanguage":"pl-PL","@id":"https:\/\/centrum-konwersacji.com\/?page_id=8746#primaryimage","url":"https:\/\/centrum-konwersacji.com\/wp-content\/uploads\/2023\/10\/zdjecie-2-scaled.jpg","contentUrl":"https:\/\/centrum-konwersacji.com\/wp-content\/uploads\/2023\/10\/zdjecie-2-scaled.jpg"},{"@type":"WebPage","@id":"https:\/\/centrum-konwersacji.com\/?page_id=8746#webpage","url":"https:\/\/centrum-konwersacji.com\/?page_id=8746","name":"Agata - Centrum Konwersacji","isPartOf":{"@id":"https:\/\/centrum-konwersacji.com\/#website"},"primaryImageOfPage":{"@id":"https:\/\/centrum-konwersacji.com\/?page_id=8746#primaryimage"},"datePublished":"2023-10-02T10:38:33+00:00","dateModified":"2023-10-02T10:44:10+00:00","breadcrumb":{"@id":"https:\/\/centrum-konwersacji.com\/?page_id=8746#breadcrumb"},"inLanguage":"pl-PL","potentialAction":[{"@type":"ReadAction","target":["https:\/\/centrum-konwersacji.com\/?page_id=8746"]}]},{"@type":"BreadcrumbList","@id":"https:\/\/centrum-konwersacji.com\/?page_id=8746#breadcrumb","itemListElement":[{"@type":"ListItem","position":1,"name":"Home","item":"https:\/\/centrum-konwersacji.com\/"},{"@type":"ListItem","position":2,"name":"Agata"}]}]}},"_links":{"self":[{"href":"https:\/\/centrum-konwersacji.com\/index.php?rest_route=\/wp\/v2\/pages\/8746","targetHints":{"allow":["GET"]}}],"collection":[{"href":"https:\/\/centrum-konwersacji.com\/index.php?rest_route=\/wp\/v2\/pages"}],"about":[{"href":"https:\/\/centrum-konwersacji.com\/index.php?rest_route=\/wp\/v2\/types\/page"}],"author":[{"embeddable":true,"href":"https:\/\/centrum-konwersacji.com\/index.php?rest_route=\/wp\/v2\/users\/1"}],"replies":[{"embeddable":true,"href":"https:\/\/centrum-konwersacji.com\/index.php?rest_route=%2Fwp%2Fv2%2Fcomments&post=8746"}],"version-history":[{"count":4,"href":"https:\/\/centrum-konwersacji.com\/index.php?rest_route=\/wp\/v2\/pages\/8746\/revisions"}],"predecessor-version":[{"id":8752,"href":"https:\/\/centrum-konwersacji.com\/index.php?rest_route=\/wp\/v2\/pages\/8746\/revisions\/8752"}],"wp:attachment":[{"href":"https:\/\/centrum-konwersacji.com\/index.php?rest_route=%2Fwp%2Fv2%2Fmedia&parent=8746"}],"curies":[{"name":"wp","href":"https:\/\/api.w.org\/{rel}","templated":true}]}}